
-3
Suppose 116 = 95*w - 37*w. Let y(i) be the first derivative of -5*i - 1/2*i**w - 11. Determine y(-4).
-1
Suppose -6 = -3*y - 5*x, -x = 3*y - 5 - 13. Let t = -12 + y. Let h(d) = -3*d - 3. What is h(t)?
12
Let b(o) be the second derivative of o**4/24 + 2*o**3/3 - o**2 - 41*o. Let f(k) be the first derivative of b(k). Calculate f(5).
9
Let k(h) be the first derivative of -8*h**2 + 3*h + 1. Let x(m) = -24*m + 4. Let t(w) = 7*k(w) - 5*x(w). Calculate t(-1).
-7
Let t(p) = p**2 + 5*p + 20. Let x be t(-6). Let s = x + -23. Let l(y) = -y**3 + 2*y**2 - 3. Determine l(s).
-12
Let w(f) = f + 12. Let b(g) = -21*g - 238. Let y(v) = 6*b(v) + 119*w(v). Let x = -1 - -1. Let p be (-6)/(x - -2) + 2. Calculate y(p).
7
Let q be (-2)/4 + 41/2. Suppose 3*a = -a - q. Let j(i) = -16*i**2 - 30*i - 31. Let r(w) = 3*w**2 + 6*w + 6. Let f(o) = -2*j(o) - 11*r(o). Determine f(a).
1
Let t(o) = -o**2 - 6*o - 2. Suppose 18 = 4*y + 26. Let n be (1 - (y - -4)) + -5. Determine t(n).
-2
Let q(s) = 4*s - 11 - 12 + 33 - 9. What is q(-3)?
-11
Suppose 0 = -3*z + z + 4. Let f(c) = -c + 3. Suppose -3*g = -4*g + 2. Let a(q) = q - 6. Let t(m) = g*a(m) + 5*f(m). Calculate t(z).
-3
Let y(x) = -12*x**2 - 11*x - 15. Let q(r) = 7*r**2 + 5*r + 8. Let s(m) = 5*q(m) + 3*y(m). What is s(-6)?
7
Suppose 0 = -0*j + j - 15. Let f(o) = 12*o - 1 + 6 - j*o. Determine f(-4).
17
Let p(s) be the first derivative of -s**2/2 + s - 1. Suppose 0 = 4*t + 5 - 1. Let h be -3 + 10 - (t + 3). Give p(h).
-4
Suppose -7*b = -8*b - 10. Let l(i) = -2*i - 15. Calculate l(b).
5
Let y(w) = -2*w**3 - 3*w**2. Let i be y(-2). Let g be 6*(-2)/(-4) + i + -7. Let l(f) = f**3 - f + 3. Calculate l(g).
3
Let k(u) = -2*u**2 - 10*u + 4. Let x(r) = -r**2 - 5*r + 2. Suppose -21 + 71 = 10*t. Let l(z) = t*x(z) - 3*k(z). Determine l(-5).
-2
Let r(s) = s**2 - 6*s + 3. Let x be (20/(-45))/(-4 + 105/27). Give r(x).
-5
Let c(i) = i. Suppose -5 = 8*m + 3. Let u(q) = -4*q - 4. Let k(w) = m*u(w) - 5*c(w). Calculate k(2).
2
Let j(y) = 2*y**3 - 4*y**2 + 2. Let k(a) = 6*a - 51. Let p be k(9). Give j(p).
20
Suppose 0 = -0*l - 4*l + 76. Let t(w) = -2*w**2 + 15*w - 36. Let g be t(6). Let r = l + g. Let d(c) = c + 1. Determine d(r).
2
Let y(v) = -v**2 + 7*v - 5. Let m = 23 - 21. Suppose m + 13 = 5*w. Suppose 6 = 3*r, -w*n + r = 4*r - 21. Determine y(n).
5
Let q = -9 + 18. Let o be (8/3)/(6/q). Let n(z) = -o + 3*z + z - 5*z. Determine n(-3).
-1
Let j be ((-3)/(-1) + 65/(-5))/1. Let t be ((-1)/(-5) + 7/j)*8. Let z(b) = -b**3 - 3*b**2 + 3*b - 1. Give z(t).
3
Let z(y) = -y**3 + 5*y**2 + 4*y + 4. Suppose -3*d + 20 = 2*d. Suppose -6*v + 11*v = 15. Let a be (d/v)/((-8)/(-36)). What is z(a)?
-8
Suppose 0 = -w - 47 + 51. Let b(c) = -5*c + 22. Calculate b(w).
2
Let w be (-597)/(-6) - (-2)/(-4). Let d be 22/w + (-34)/(-9). Let m be -1 - (d/1 + -8). Let v(y) = y + 2. Calculate v(m).
5
Let d(v) = -5612*v**2 + 5*v + 5610*v**2 + 6 - 4. What is d(4)?
-10
Let n(q) = q**2 - 5*q + 18. Let m(k) = k. Let a(p) = -4*m(p) - n(p). Let w(i) = i - 5. Let d be w(5). Calculate a(d).
-18
Let o(a) be the first derivative of -3*a + 1/4*a**4 - 1/2*a**2 - 1/3*a**3 - 11. Determine o(0).
-3
Let i be (((-24)/9 - -1) + 2)*45. Suppose 30 = 9*p - i*p. Let w(m) = -m**2 - 5*m. Determine w(p).
0
Let x(z) = 6 - 10*z + 10*z - z. Give x(-8).
14
Suppose 2*r - 3*d + 22 = 0, 3*r + 3*d + 46 = 13. Let h = r + 15. Let i(w) = 2*w - 4. Let x(a) = 1. Let t(s) = -2*i(s) - 6*x(s). Give t(h).
-14
Let a(w) = -w**3 + 6*w**2 - 6*w. Let x(h) = h**2 + 6*h + 4. Let l be x(-6). What is a(l)?
8
Let p be ((15/6)/5)/((-5)/(-70)). Let c(y) = 8*y + p - 6*y**2 - y**2 - y**3 + y**2. Give c(-7).
0
Let j(y) = -2*y**2 - 3*y + 3. Suppose -3*u - 240 = -13*u. Suppose 2*q - u = 10*q. What is j(q)?
-6
Let i(u) = 11*u + 29. Let r be i(-3). Let g(h) = h**3 + 4*h**2 + 2*h. Calculate g(r).
-8
Let f be (-1)/((1 + 5)/24) - -1. Let t(s) = -s**3 + 2*s**2 + 5*s + 4. What is t(f)?
34
Suppose 0 = -2*k + 3 + 3. Suppose 5*d - k*g - 14 = 0, 2*g + 3 + 1 = -2*d. Let z(b) = -7*b**3 + b**2 - 1. Give z(d).
-7
Let q be (-4)/(-16) - (-15)/4. Suppose 4*c = -q*k - 16, -6*c + 3*c = 2*k + 10. Let u be c - (-2)/(-4)*-2. Let r(p) = -p**3 + p**2 + p. Give r(u).
1
Let l(t) = -t**2 + 6*t - 6. Let j(f) = f + 9. Suppose -3*u - 8 = 2*s, 4*u + 0*u = 4*s - 24. Let a be s/(((-10)/(-4))/(-5)). Let b be j(a). What is l(b)?
-1
Suppose 77 = 162*f - 151*f. Let u(o) = -o**2 + 2*o + 27. Calculate u(f).
-8
Let f = -61 - -31. Let z = 32 + f. Let y(l) = 0*l**z + 7 + 7*l - 4*l**2 + 3*l**2. Determine y(7).
7
Let z(o) = -5*o**3 + o**2 + 8*o - 3. Let w(d) = -d**3 + d - 1. Let c(b) = 6*w(b) - z(b). Let u(h) = h**3 + 20*h**2 + 50*h - 19. Let a be u(-17). Determine c(a).
5
Let o(d) be the third derivative of 0*d + 0 + 1/6*d**3 + 1/24*d**4 + 2/15*d**5 + 2*d**2. Let a be (-10)/12 + (-140)/840. Determine o(a).
8
Let t(z) = -1 + 19*z + z**2 - 13*z + 2*z. What is t(-5)?
-16
Let d(r) = -2*r**2 - 5*r + 2. Let q(n) = 4*n**2 + 9*n - 4. Let p = -24 + 35. Let x(j) = p*d(j) + 6*q(j). Calculate x(2).
4
Let x(r) = 12*r - 71. Let z be x(8). Suppose -5*d = 2*f, -f + z = 5*d - 4*f. Let o(s) = -2*s**2 + 4*s - 2. Calculate o(d).
-2
Let f = -13277/60 + 664/3. Let u(z) be the third derivative of 0*z + 9*z**2 + 1/120*z**6 + 1/12*z**4 + 0*z**3 - f*z**5 + 0. Give u(2).
0
Let o be (-1)/(-3)*6 - 3/(-1). Let b(r) be the third derivative of -r**2 + 0 - 1/24*r**4 - 1/60*r**o + 0*r + 5/6*r**3. Calculate b(0).
5
Let a(o) = -o**2 + 2*o - 2. Suppose 0 = 3*s - 5*v + 8 + 11, 0 = -s + 2*v - 7. What is a(s)?
-17
Let b(r) = 5*r**2 + 7*r - 3. Let m(d) = 11*d**2 + 14*d - 6. Suppose -34 = -n - 13. Let a = n + -17. Let u(z) = a*m(z) - 9*b(z). What is u(-4)?
15
Let a(z) be the third derivative of -z**5/60 + 2*z**4/3 - 241*z**2. Calculate a(9).
63
Let j(x) = -x**3 + 6*x**2 + 2*x - 10. Let c be j(6). Let z(q) be the second derivative of 17*q**3/6 - 3*q**2/2 + 7*q + 1. Calculate z(c).
31
Let b(x) = 2. Let s(p) = -p - 21. Let m(y) = -5*b(y) - s(y). Let i = -27 - -22. Give m(i).
6
Let l(d) be the first derivative of -1/24*d**4 - 2/3*d**3 + 0*d - d**2 - 5. Let k(n) be the second derivative of l(n). Give k(5).
-9
Let f(q) = -q**3 - 24*q**2 - 15*q + 198. Let p be f(-23). Let i(h) = 2*h - 20. Give i(p).
8
Let f(z) = -2*z**3 + 6*z**2 + 3*z - 2. Suppose -2*j + s = -s, j - 2*s + 3 = 0. Calculate f(j).
7
Let q be 12/22 + 464/(-44). Let w(k) = -4*k - 25. Determine w(q).
15
Let q(h) = -h**3 + h**2 + h + 17. Let u(m) = 13 + 3 - 15*m + 15*m + 8*m. Let y be u(-2). What is q(y)?
17
Let p be ((-6)/9)/((-4)/(-12)). Suppose -4*o = -2*o + 2*z - 6, -4*z = 2*o - 12. Let d(v) = -2*v**2 + o*v + v**2 + 0*v + 3 + 3*v. Calculate d(p).
-7
Let a(y) = -6*y**2 + y - 12. Let f(m) = -m**2. Let l(u) = a(u) - 5*f(u). Let v = -1 + 1. Determine l(v).
-12
Let l(m) = -397 + m + 3*m + 393. What is l(-5)?
-24
Let z(u) = -u + 3. Let d(v) = -1. Let p be 1/(-2) - (-12)/8. Let r(n) = p*z(n) - d(n). Give r(7).
-3
Suppose 15 = 6*l - 243. Let g = 46 - l. Let y(s) = s**2 - s - 2. What is y(g)?
4
Let t(j) = -j + 4. Let x be t(4). Suppose x = 3*d + d - 4*y - 24, 5*y = d - 14. Let z(p) = 4 - 4*p - d. What is z(-2)?
8
Let p(f) = 2*f**3 + 47*f**2 + 41*f - 70. Let y(r) = -r**3 - 24*r**2 - 21*r + 36. Let j(v) = -6*p(v) - 11*y(v). Determine j(-17).
-10
Let l(c) = -c + 3. Let n = 34 - 49. Let i be (10/6)/(4/((-216)/n)). Calculate l(i).
-3
Let l(g) = g**2 - 1. Let q(y) = y**2 + 6*y - 6. Let d be q(-8). Let i(k) = -k**3 + 9*k**2 + 11*k - 4. Let m be i(10). Suppose -d = m*u - u. What is l(u)?
3
Let o = 4 - 10. Let w(v) be the second derivative of v**4/12 + v**3 - 10*v. Determine w(o).
0
Let z(s) = -s**2 + 6. Let k be z(-3). Let a(i) = i**3 + 4*i**2 + 4*i + 2. Determine a(k).
-1
Let m(p) = -p**2 - 10*p + 2*p**2 - 3*p**2 + 6. Let i(w) = w**2 + 5*w - 3. Let h(j) = 5*i(j) + 2*m(j). Suppose -2*l = -4*s - 4, 4 + 18 = -3*l - s. Give h(l).
3
Suppose -m + y = 2*y - 6, 5*m = -y + 18. Let i(c) = -738 - c**m + 744 - 3*c**2 + 8*c**2. What is i(5)?
6
Let c(t) = -t. Let m(s) = -s**3 - 6*s**2 - 4*s + 6. Let r be m(-5). Let a be -3 + (-4*r - (-10)/2). Give c(a).
2
Let w(o) = o**3 + 3*o**2 + o + 4. Let g = 38 - 26. Let z be (g/10)/((-4)/(-10)) - 6. Give w(z).
1
Suppose 16*j - b + 27 = 12*j, -j - 12 = -2*b. Let g(a) = -a**2 - a - 1. Let o(s) = -5*s**2 - 10*s - 9. Let x(t) = 4*g(t) - o(t). Calculate